{"id":592,"date":"2017-02-25T11:31:33","date_gmt":"2017-02-25T11:31:33","guid":{"rendered":"http:\/\/wordpress.schrattenbachflieger.de\/?page_id=592"},"modified":"2021-12-19T18:24:32","modified_gmt":"2021-12-19T18:24:32","slug":"gelaende","status":"publish","type":"page","link":"http:\/\/www.schrattenbachflieger.de\/?page_id=592","title":{"rendered":"Gel\u00e4nde"},"content":{"rendered":"<div id=\"pl-592\"  class=\"panel-layout\" ><div id=\"pg-592-0\"  class=\"panel-grid panel-has-style\" ><div style=\"padding: 100px 0; \" data-overlay=\"true\" class=\"panel-row-style panel-row-style-for-592-0\" ><div id=\"pgc-592-0-0\"  class=\"panel-grid-cell\" ><div id=\"panel-592-0-0-0\" class=\"so-panel widget widget_text panel-first-child panel-last-child\" data-index=\"0\" ><div style=\"text-align: left;\" data-title-color=\"#121212\" data-headings-color=\"#121212\" class=\"panel-widget-style panel-widget-style-for-592-0-0-0\" ><h3 class=\"widget-title\">Gel\u00e4nde<\/h3>\t\t\t<div class=\"textwidget\">Schrattenbach ist ein Starkwindfluggebiet. Geflogen wird von ca. 12 km\/h bei sehr kalter Luft, bis ca. 25-30 km\/h! Eine solide R\u00fcckw\u00e4rtsstarttechnik ist erforderlich. F\u00fcr Piloten, die solche Bedingungen nicht gewohnt sind, ist es unbedingt ratsam, sich zuerst bei den einheimischen Piloten ein paar Tipps zu holen. Eine Gel\u00e4nde und Geahreneinweisung ist obligatorisch. \n<br>\n<br>\nBei kr\u00e4ftigem Wind (ca. 25km\/h) kannst du wundersch\u00f6ne Soaringfl\u00fcge mit Blick auf das Allg\u00e4u und die Alpen genie\u00dfen. An Tagen mit guter Wolkenthermik sind f\u00fcr ge\u00fcbte Piloten auch beeindruckende Streckenfl\u00fcge bis ins bayerische Seenland m\u00f6glich. \n<br>\n<br>\n<br>\n<h4>Fluggebietsinformationen<\/h4>\n<br>\n<table class=\"table-simple\">\n<tr>\n<td><b>Startrichtung:<\/b><\/td><td>SW-W-NW<\/td>\n<\/tr>\n<tr>\n<td><b>Startplatzh\u00f6he:<\/b><\/td><td>810m<\/td>\n<\/tr>\n<tr>\n<td><b>H\u00f6henunterschied:<\/b><\/td><td>ca. 70 m<\/td>\n<\/tr>\n<tr>\n<td><b>Gel\u00e4ndeart:<\/b><\/td><td>HS + GS<\/td>\n<\/tr>\n<\/table><\/div>\n\t\t<\/div><\/div><\/div><\/div><\/div><div id=\"pg-592-1\"  class=\"panel-grid panel-has-style\" ><div style=\"padding: 0px 0; \" data-overlay=\"true\" data-overlay-color=\"#000000\" class=\"panel-row-style panel-row-style-for-592-1\" ><div id=\"pgc-592-1-0\"  class=\"panel-grid-cell\" ><div id=\"panel-592-1-0-0\" class=\"so-panel widget widget_text panel-first-child panel-last-child\" data-index=\"1\" ><div style=\"text-align: left;\" data-title-color=\"#121212\" data-headings-color=\"#121212\" class=\"panel-widget-style panel-widget-style-for-592-1-0-0\" >\t\t\t<div class=\"textwidget\"><img src=\"http:\/\/wordpress.schrattenbachflieger.de\/wp-content\/uploads\/2017\/04\/Schrattenbachflieger_Gel\u00e4nde_Map.jpg\" alt=\"Foto mit eingezeichnetem Fluggel\u00e4nde\">\n<br>\n<br>\n<img src=\"http:\/\/wordpress.schrattenbachflieger.de\/wp-content\/uploads\/2017\/02\/Schrattenbachflieger_Headerbild_3.jpg\" alt=\"Foto vom Flugstart\">\n<br>\n<br>\n<br>\n<img src=\"http:\/\/www.schrattenbachflieger.de\/wp-content\/uploads\/2021\/04\/Greifvogelzuchtstation_Algaeu-Falcons.jpg\" alt=\"Anlage Allg\u00e4u Falcons\">\n<br>\n<br><\/div>\n\t\t<\/div><\/div><\/div><div id=\"pgc-592-1-1\"  class=\"panel-grid-cell\" ><div id=\"panel-592-1-1-0\" class=\"so-panel widget widget_text panel-first-child panel-last-child\" data-index=\"2\" ><div style=\"text-align: left;\" data-title-color=\"#121212\" data-headings-color=\"#121212\" class=\"panel-widget-style panel-widget-style-for-592-1-1-0\" >\t\t\t<div class=\"textwidget\"><h4>Starten<\/h4>\n<br>\nDer Startplatz befindet sich in einer Waldschneise, die steil abf\u00e4llt. Eine sichere Starttechnik ist daher dringend erforderlich. Achte beim Starten bitte darauf, die toplandenden Piloten nicht zu behindern. Da mehrere Piloten gleichzeitig auslegen k\u00f6nnen, verst\u00e4ndigt euch bitte gegenseitig \u00fcber die Startreihenfolge!\n<br>\n<br>\n<br>\n<br>\n<br>\n<br>\n<h4>Landen<\/h4>\n<br>\nDer GS-Landeplatz ist ein Toplandeplatz und befindet sich hinter dem Startbereich. Beim Toplanden muss der Rotorbereich hinter der Stra\u00dfe (Lee) unbedingt gemieden werden! \n<br>\n<br>\nUnten am Hang gibt es keinen offiziellen Landeplatz. Der Notlandeplatz befindet sich auf dem gem\u00e4hten Wiesenstreifen unterhalb des Startplatzes am Waldrand. Sollte das Landen dort nicht m\u00f6glich sein, kann in Ausnahmef\u00e4llen auch auf den Drachenlandeplatz ausgewichen werden. In allen F\u00e4llen ist auf weidende Tiere zu achten und nicht quer \u00fcber die Wiesen zu laufen.\n<br>\n<br>\n<h4>Bitte R\u00fccksicht auf die Allg\u00e4u Falcons Brut-Center <\/h4>\n<br>\nIm Rahmen einer gegenseitigen und wertsch\u00e4tzenden Nachbarschaft bitten wir euch das Gel\u00e4nde der Allg\u00e4u Falcons (siehe Karte) nach den aktuell geltenden Regeln f\u00fcr den \u00dcberflug von Ortschaften zu vermeiden.\n<br>\nDie Sicherheitsmindesth\u00f6he darf nur unterschritten werden, soweit es bei Start und Landung notwendig ist. Sicherheitsmindesth\u00f6he ist die H\u00f6he, bei der weder eine unn\u00f6tige L\u00e4rmbel\u00e4stigung im Sinne des \u00a7 1 Abs. 2 noch im Falle einer Notlandung eine unn\u00f6tige Gef\u00e4hrdung von Personen und Sachen zu bef\u00fcrchten ist. \u00dcber St\u00e4dten, anderen dicht besiedelten Gebieten, Industrieanlagen, Menschenansammlungen, Ungl\u00fccksorten sowie Katastrophengebieten betr\u00e4gt die Sicherheitsmindesth\u00f6he mindestens 300 Meter (1.000 Fu\u00df) \u00fcber dem h\u00f6chsten Hindernis in einem Umkreis von 600 Metern, in allen \u00fcbrigen F\u00e4llen 150 Meter (500 Fu\u00df) \u00fcber Grund oder Wasser. Segelflugzeuge, H\u00e4ngegleiter und Gleitsegel k\u00f6nnen die H\u00f6he von 150 Metern (500 Fu\u00df) auch unterschreiten, wenn die Art ihres Betriebs dies notwendig macht und eine Gefahr f\u00fcr Personen und Sachen nicht zu bef\u00fcrchten ist. https:\/\/www.buzer.de\/gesetz\/3772\/a53040.htm \n<br>\n<br><\/div>\n\t\t<\/div><\/div><\/div><\/div><\/div><\/div>","protected":false},"excerpt":{"rendered":"<p>Schrattenbach ist ein Starkwindfluggebiet. Geflogen wird von ca. 12 km\/h bei sehr kalter Luft, bis ca. 25-30 km\/h! Eine solide R\u00fcckw\u00e4rtsstarttechnik ist erforderlich. F\u00fcr Piloten, die solche Bedingungen nicht gewohnt sind, ist es unbedingt ratsam, [&hellip;]<\/p>\n","protected":false},"author":1,"featured_media":0,"parent":0,"menu_order":0,"comment_status":"closed","ping_status":"closed","template":"page-templates\/page_front-page.php","meta":[],"_links":{"self":[{"href":"http:\/\/www.schrattenbachflieger.de\/index.php?rest_route=\/wp\/v2\/pages\/592"}],"collection":[{"href":"http:\/\/www.schrattenbachflieger.de\/index.php?rest_route=\/wp\/v2\/pages"}],"about":[{"href":"http:\/\/www.schrattenbachflieger.de\/index.php?rest_route=\/wp\/v2\/types\/page"}],"author":[{"embeddable":true,"href":"http:\/\/www.schrattenbachflieger.de\/index.php?rest_route=\/wp\/v2\/users\/1"}],"replies":[{"embeddable":true,"href":"http:\/\/www.schrattenbachflieger.de\/index.php?rest_route=%2Fwp%2Fv2%2Fcomments&post=592"}],"version-history":[{"count":64,"href":"http:\/\/www.schrattenbachflieger.de\/index.php?rest_route=\/wp\/v2\/pages\/592\/revisions"}],"predecessor-version":[{"id":1489,"href":"http:\/\/www.schrattenbachflieger.de\/index.php?rest_route=\/wp\/v2\/pages\/592\/revisions\/1489"}],"wp:attachment":[{"href":"http:\/\/www.schrattenbachflieger.de\/index.php?rest_route=%2Fwp%2Fv2%2Fmedia&parent=592"}],"curies":[{"name":"wp","href":"https:\/\/api.w.org\/{rel}","templated":true}]}}