{"id":931,"date":"2017-03-20T20:18:43","date_gmt":"2017-03-20T20:18:43","guid":{"rendered":"http:\/\/wordpress.schrattenbachflieger.de\/?page_id=931"},"modified":"2021-12-23T15:41:50","modified_gmt":"2021-12-23T15:41:50","slug":"wohin-nach-dem-fliegen","status":"publish","type":"page","link":"http:\/\/www.schrattenbachflieger.de\/?page_id=931","title":{"rendered":"Wohin nach dem Fliegen?"},"content":{"rendered":"<div id=\"pl-931\"  class=\"panel-layout\" ><div id=\"pg-931-0\"  class=\"panel-grid panel-has-style\" ><div style=\"padding: 100px 0; \" data-overlay=\"true\" class=\"panel-row-style panel-row-style-for-931-0\" ><div id=\"pgc-931-0-0\"  class=\"panel-grid-cell\" ><div id=\"panel-931-0-0-0\" class=\"so-panel widget widget_text panel-first-child panel-last-child\" data-index=\"0\" ><div style=\"text-align: left;\" data-title-color=\"#121212\" data-headings-color=\"#121212\" class=\"panel-widget-style panel-widget-style-for-931-0-0-0\" ><h3 class=\"widget-title\">Wohin nach dem Fliegen?<\/h3>\t\t\t<div class=\"textwidget\">Die folgenden Lokale k\u00f6nnen wir w\u00e4rmstens f\u00fcr einen Abstecher nach dem Fliegen empfehlen:\n<br>\n<br>\n<a class=\"roll-button button-link\" href=\"https:\/\/www.goldener-hirsch-schrattenbach.de\/\" title=\"Zum Goldenen Hirsch gehen\" target=\"_blank\" rel=\"noopener\"><i class=\"fa fa-cutlery\" aria-hidden=\"true\"><\/i> Goldener Hirsch<\/a>\n<a class=\"roll-button button-link\" href=\"http:\/\/coffeefriends.de\/\" title=\"Zu Coffee Friends gehen\" target=\"_blank\" rel=\"noopener\"><i class=\"fa fa-coffee\" aria-hidden=\"true\"><\/i> Coffee Friends<\/a>\n<\/div>\n\t\t<\/div><\/div><\/div><\/div><\/div><\/div>","protected":false},"excerpt":{"rendered":"<p>Die folgenden Lokale k\u00f6nnen wir w\u00e4rmstens f\u00fcr einen Abstecher nach dem Fliegen empfehlen: Goldener Hirsch Coffee Friends<\/p>\n","protected":false},"author":1,"featured_media":0,"parent":592,"menu_order":0,"comment_status":"closed","ping_status":"closed","template":"page-templates\/page_front-page.php","meta":[],"_links":{"self":[{"href":"http:\/\/www.schrattenbachflieger.de\/index.php?rest_route=\/wp\/v2\/pages\/931"}],"collection":[{"href":"http:\/\/www.schrattenbachflieger.de\/index.php?rest_route=\/wp\/v2\/pages"}],"about":[{"href":"http:\/\/www.schrattenbachflieger.de\/index.php?rest_route=\/wp\/v2\/types\/page"}],"author":[{"embeddable":true,"href":"http:\/\/www.schrattenbachflieger.de\/index.php?rest_route=\/wp\/v2\/users\/1"}],"replies":[{"embeddable":true,"href":"http:\/\/www.schrattenbachflieger.de\/index.php?rest_route=%2Fwp%2Fv2%2Fcomments&post=931"}],"version-history":[{"count":6,"href":"http:\/\/www.schrattenbachflieger.de\/index.php?rest_route=\/wp\/v2\/pages\/931\/revisions"}],"predecessor-version":[{"id":1492,"href":"http:\/\/www.schrattenbachflieger.de\/index.php?rest_route=\/wp\/v2\/pages\/931\/revisions\/1492"}],"up":[{"embeddable":true,"href":"http:\/\/www.schrattenbachflieger.de\/index.php?rest_route=\/wp\/v2\/pages\/592"}],"wp:attachment":[{"href":"http:\/\/www.schrattenbachflieger.de\/index.php?rest_route=%2Fwp%2Fv2%2Fmedia&parent=931"}],"curies":[{"name":"wp","href":"https:\/\/api.w.org\/{rel}","templated":true}]}}